common factor of 45 and 35792136?
9
What is the highest common divisor of 19774 and 4853?
1
Calculate the highest common factor of 1230397 and 69048.
959
Calculate the greatest common divisor of 107 and 16625981.
107
What is the greatest common factor of 273286 and 58006?
598
Calculate the greatest common factor of 1071430 and 3870410.
3490
What is the greatest common divisor of 60600 and 615720?
120
Calculate the greatest common factor of 422175 and 116675.
325
What is the highest common factor of 19440538 and 104?
26
Calculate the greatest common factor of 209 and 10767889.
209
What is the greatest common factor of 1212403 and 1347427?
2813
What is the greatest common divisor of 7774 and 3146?
26
What is the greatest common divisor of 2 and 30533454?
2
What is the highest common divisor of 288204 and 2438219?
329
What is the highest common divisor of 309 and 99639419?
103
What is the greatest common factor of 63 and 1646712?
9
Calculate the greatest common divisor of 17594 and 10794382.
926
What is the greatest common factor of 29328847 and 63775?
2551
What is the greatest common divisor of 150 and 101059550?
50
What is the greatest common factor of 950 and 5001047?
19
Calculate the greatest common divisor of 101865 and 6735.
15
Calculate the greatest common factor of 70920 and 539616.
24
What is the highest common divisor of 80 and 808804?
4
Calculate the highest common factor of 30207024 and 108.
36
Calculate the highest common divisor of 26541952 and 67952.
496
What is the highest common divisor of 1231755 and 7?
7
Calculate the highest common divisor of 8899981 and 3506.
1753
Calculate the greatest common divisor of 684010 and 8395.
365
What is the highest common factor of 16008 and 73182?
6
Calculate the greatest common divisor of 1108188 and 3641.
331
Calculate the highest common divisor of 1237731 and 209.
11
Calculate the highest common divisor of 3423 and 31977177.
489
Calculate the greatest common divisor of 1729100 and 8675.
25
What is the highest common divisor of 233707 and 62006?
103
Calculate the highest common divisor of 148 and 1240192.
4
What is the highest common divisor of 1910 and 20485705?
955
What is the greatest common divisor of 1490542200 and 4725?
1575
Calculate the highest common factor of 284281 and 132057.
67
Calculate the highest common factor of 153 and 122217369.
51
What is the highest common divisor of 433676 and 756218?
362
Calculate the greatest common divisor of 723200 and 110848.
256
What is the greatest common divisor of 48 and 17213628?
12
Calculate the highest common factor of 563203475 and 1516.
379
Calculate the highest common factor of 48 and 108460032.
48
What is the highest common divisor of 65 and 1211805?
5
Calculate the highest common divisor of 192 and 2158672.
16
Calculate the greatest common factor of 3217158 and 162.
162
What is the highest common divisor of 106 and 94193879?
53
What is the highest common divisor of 82560960 and 109?
109
What is the greatest common factor of 196 and 12511702?
14
Calculate the greatest common divisor of 329237460 and 2025.
405
Calculate the highest common factor of 407 and 24387847.
407
Calculate the highest common divisor of 164505 and 2236271.
997
What is the greatest common factor of 228 and 345762?
114
Calculate the highest common divisor of 7 and 2419207.
7
Calculate the greatest common factor of 201039 and 171.
57
Calculate the greatest common factor of 65855 and 14305.
5
What is the greatest common factor of 454225013 and 4939?
4939
What is the greatest common divisor of 72 and 150000678?
18
What is the highest common factor of 49604 and 100852?
4
Calculate the greatest common divisor of 131921 and 6118405.
4549
What is the highest common divisor of 1 and 142025197?
1
What is the greatest common divisor of 276 and 1766032?
92
Calculate the highest common divisor of 48789400 and 8800.
2200
Calculate the highest common divisor of 2775 and 493979600.
925
Calculate the greatest common divisor of 1500 and 1920500.
500
What is the greatest common factor of 2894144 and 192?
64
What is the highest common factor of 64948 and 403?
13
What is the highest common divisor of 20 and 4774228620?
20
Calculate the highest common divisor of 18458 and 241252.
22
What is the greatest common divisor of 53389 and 152047?
203
Calculate the highest common divisor of 16 and 7454882.
2
Calculate the greatest common factor of 59064 and 7302108.
1284
Calculate the greatest common factor of 25458998 and 124.
62
Calculate the greatest common divisor of 9761448 and 15.
3
Calculate the highest common divisor of 128 and 8294824.
8
Calculate the highest common divisor of 4446 and 3249792.
234
Calculate the highest common factor of 65 and 531291371.
13
What is the greatest common divisor of 360 and 31906485?
45
What is the greatest common factor of 984 and 10085344?
328
Calculate the highest common factor of 1799587 and 205004.
967
Calculate the highest common factor of 92 and 20496956.
92
What is the greatest common divisor of 840 and 97365800?
280
Calculate the greatest common factor of 8389823 and 1547.
221
Calculate the greatest common divisor of 5720 and 579045.
5
Calculate the highest common divisor of 50784 and 64352.
32
What is the greatest common factor of 4048 and 19898956?
1012
What is the highest common divisor of 2464846 and 215?
43
Calculate the highest common divisor of 60 and 39326400.
60
Calculate the greatest common factor of 270 and 90863316.
54
Calculate the greatest common factor of 228577027 and 1316.
329
Calculate the highest common factor of 36535763 and 142043.
3839
What is the highest common divisor of 261324 and 3094?
238
Calculate the greatest common factor of 85770975 and 9225.
3075
What is the greatest common divisor of 46296894 and 21?
21
What is the greatest common factor of 357120 and 19520640?
5760
What is the greatest common divisor of 67232771 and 52679?
4789
Calculate the highest common divisor of 23 and 20059427.
23
What is the highest common factor of 13648 and 23338933?
853
Calculate the greatest common factor of 1059144 and 162.
6
What is the greatest common factor of 60066 and 26109114?
426
What is the highest common divisor of 56606 and 35123?
341
Calculate the highest common divisor of 3598 and 54009578.
3598
Calculate the highest common factor of 6250402 and 180218.
502
Calculate the highest common divisor of 3341 and 5195512.
257
What is the greatest common divisor of 1212 and 189612855?
303
Calculate the highest common factor of 367455 and 15354570.
2805
What is the greatest common factor of 3586 and 10939093?
1793
Calculate the greatest common divisor of 6346406 and 21726.
2414
Calculate the highest common divisor of 11284134 and 6.
6
Calculate the greatest common factor of 8037584 and 1332.
148
What is the greatest common divisor of 30370 and 149098478?
6074
What is the greatest common factor of 26765 and 19457650?
505
Calculate the greatest common divisor of 424787 and 19044.
529
Calculate the greatest common factor of 18 and 65275266.
6
What is the highest common factor of 120 and 366285360?
120
Calculate the highest common divisor of 1072416 and 3264.
96
Calculate the greatest common divisor of 1933 and 5416441903.
1933
Calculate the greatest common factor of 1524 and 277187660.
508
Calculate the greatest common factor of 30636 and 47662808.
3404
What is the highest common divisor of 1024 and 102081024?
512
Calculate the highest common divisor of 732733 and 24101.
313
What is the greatest common divisor of 33616496 and 62655?
4177
Calculate the greatest common factor of 44 and 2373481.
11
What is the greatest common factor of 5731226 and 24557?
1889
What is the greatest common divisor of 4115 and 234565?
5
What is the greatest common divisor of 113645 and 22610?
595
What is the highest common factor of 4676707 and 245?
49
Calculate the greatest common divisor of 44919 and 3093615.
1449
What is the greatest common divisor of 25783352 and 70?
14
Calculate the greatest common factor of 494 and 22922360.
38
Calculate the highest common divisor of 71674848 and 1344.
672
Calculate the highest common divisor of 262 and 11234953.
131
What is the greatest common divisor of 2974 and 135508823?
1487
What is the greatest common divisor of 13